[INFO] cloning repository https://github.com/Raforawesome/Stratus
[INFO] running `Command { std: "git" "-c" "credential.helper=" "-c" "credential.helper=/workspace/cargo-home/bin/git-credential-null" "clone" "--bare" "https://github.com/Raforawesome/Stratus" "/workspace/cache/git-repos/https%3A%2F%2Fgithub.com%2FRaforawesome%2FStratus", kill_on_drop: false }`
[INFO] [stderr] Cloning into bare repository '/workspace/cache/git-repos/https%3A%2F%2Fgithub.com%2FRaforawesome%2FStratus'...
[INFO] running `Command { std: "git" "rev-parse" "HEAD", kill_on_drop: false }`
[INFO] [stdout] 94e4a94772c9ef59443181cfd5cc8bcabe6d97cb
[INFO] checking Raforawesome/Stratus against master#e6e4f7ed1589e03bc2f6c5931c1a72e7947e8682 for beta-170-4
[INFO] running `Command { std: "git" "clone" "/workspace/cache/git-repos/https%3A%2F%2Fgithub.com%2FRaforawesome%2FStratus" "/workspace/builds/worker-5-tc2/source", kill_on_drop: false }`
[INFO] [stderr] Cloning into '/workspace/builds/worker-5-tc2/source'...
[INFO] [stderr] done.
[INFO] validating manifest of git repo https://github.com/Raforawesome/Stratus on toolchain e6e4f7ed1589e03bc2f6c5931c1a72e7947e8682
[INFO] running `Command { std: CARGO_HOME="/workspace/cargo-home" RUSTUP_HOME="/workspace/rustup-home" "/workspace/cargo-home/bin/cargo" "+e6e4f7ed1589e03bc2f6c5931c1a72e7947e8682" "metadata" "--manifest-path" "Cargo.toml" "--no-deps", kill_on_drop: false }`
[INFO] started tweaking git repo https://github.com/Raforawesome/Stratus
[INFO] finished tweaking git repo https://github.com/Raforawesome/Stratus
[INFO] tweaked toml for git repo https://github.com/Raforawesome/Stratus written to /workspace/builds/worker-5-tc2/source/Cargo.toml
[INFO] crate git repo https://github.com/Raforawesome/Stratus already has a lockfile, it will not be regenerated
[INFO] running `Command { std: CARGO_HOME="/workspace/cargo-home" RUSTUP_HOME="/workspace/rustup-home" "/workspace/cargo-home/bin/cargo" "+e6e4f7ed1589e03bc2f6c5931c1a72e7947e8682" "fetch" "--manifest-path" "Cargo.toml", kill_on_drop: false }`
[INFO] running `Command { std: "docker" "create" "-v" "/var/lib/crater-agent-workspace/builds/worker-5-tc2/target:/opt/rustwide/target:rw,Z" "-v" "/var/lib/crater-agent-workspace/builds/worker-5-tc2/source:/opt/rustwide/workdir:ro,Z" "-v" "/var/lib/crater-agent-workspace/cargo-home:/opt/rustwide/cargo-home:ro,Z" "-v" "/var/lib/crater-agent-workspace/rustup-home:/opt/rustwide/rustup-home:ro,Z" "-e" "SOURCE_DIR=/opt/rustwide/workdir" "-e" "CARGO_TARGET_DIR=/opt/rustwide/target" "-e" "CARGO_HOME=/opt/rustwide/cargo-home" "-e" "RUSTUP_HOME=/opt/rustwide/rustup-home" "-w" "/opt/rustwide/workdir" "-m" "1610612736" "--user" "0:0" "--network" "none" "ghcr.io/rust-lang/crates-build-env/linux@sha256:19e73879b68f455e41552ea35293514db52ea292d993f571636dbffedb77a1ee" "/opt/rustwide/cargo-home/bin/cargo" "+e6e4f7ed1589e03bc2f6c5931c1a72e7947e8682" "metadata" "--no-deps" "--format-version=1", kill_on_drop: false }`
[INFO] [stdout] 9825b6cba4bd90eb1e7dfd3e59a633005d79dfa1c135848c634eaef6c61ae3f9
[INFO] running `Command { std: "docker" "start" "-a" "9825b6cba4bd90eb1e7dfd3e59a633005d79dfa1c135848c634eaef6c61ae3f9", kill_on_drop: false }`
[INFO] running `Command { std: "docker" "inspect" "9825b6cba4bd90eb1e7dfd3e59a633005d79dfa1c135848c634eaef6c61ae3f9", kill_on_drop: false }`
[INFO] running `Command { std: "docker" "rm" "-f" "9825b6cba4bd90eb1e7dfd3e59a633005d79dfa1c135848c634eaef6c61ae3f9", kill_on_drop: false }`
[INFO] [stdout] 9825b6cba4bd90eb1e7dfd3e59a633005d79dfa1c135848c634eaef6c61ae3f9
[INFO] running `Command { std: "docker" "create" "-v" "/var/lib/crater-agent-workspace/builds/worker-5-tc2/target:/opt/rustwide/target:rw,Z" "-v" "/var/lib/crater-agent-workspace/builds/worker-5-tc2/source:/opt/rustwide/workdir:ro,Z" "-v" "/var/lib/crater-agent-workspace/cargo-home:/opt/rustwide/cargo-home:ro,Z" "-v" "/var/lib/crater-agent-workspace/rustup-home:/opt/rustwide/rustup-home:ro,Z" "-e" "SOURCE_DIR=/opt/rustwide/workdir" "-e" "CARGO_TARGET_DIR=/opt/rustwide/target" "-e" "CARGO_INCREMENTAL=0" "-e" "RUST_BACKTRACE=full" "-e" "RUSTFLAGS=--cap-lints=forbid" "-e" "RUSTDOCFLAGS=--cap-lints=forbid" "-e" "CARGO_HOME=/opt/rustwide/cargo-home" "-e" "RUSTUP_HOME=/opt/rustwide/rustup-home" "-w" "/opt/rustwide/workdir" "-m" "1610612736" "--user" "0:0" "--network" "none" "ghcr.io/rust-lang/crates-build-env/linux@sha256:19e73879b68f455e41552ea35293514db52ea292d993f571636dbffedb77a1ee" "/opt/rustwide/cargo-home/bin/cargo" "+e6e4f7ed1589e03bc2f6c5931c1a72e7947e8682" "check" "--frozen" "--all" "--all-targets" "--message-format=json", kill_on_drop: false }`
[INFO] [stdout] 95e72f2ee96c8eeb88f0318cdc06005a351ee881f3465f9a3a09258c72ac1bd2
[INFO] running `Command { std: "docker" "start" "-a" "95e72f2ee96c8eeb88f0318cdc06005a351ee881f3465f9a3a09258c72ac1bd2", kill_on_drop: false }`
[INFO] [stderr]    Compiling serde v1.0.141
[INFO] [stderr]    Compiling smallvec v1.9.0
[INFO] [stderr]    Compiling proc-macro2 v1.0.42
[INFO] [stderr]    Compiling unicode-ident v1.0.2
[INFO] [stderr]    Compiling quote v1.0.20
[INFO] [stderr]    Compiling syn v1.0.98
[INFO] [stderr]    Compiling libc v0.2.126
[INFO] [stderr]    Compiling heck v0.4.0
[INFO] [stderr]    Compiling version-compare v0.1.0
[INFO] [stderr]    Compiling cfg-expr v0.10.3
[INFO] [stderr]    Compiling anyhow v1.0.59
[INFO] [stderr]    Compiling unicode-segmentation v1.9.0
[INFO] [stderr]    Compiling futures-core v0.3.21
[INFO] [stderr]    Compiling futures-task v0.3.21
[INFO] [stderr]     Checking once_cell v1.13.0
[INFO] [stderr]    Compiling futures-util v0.3.21
[INFO] [stderr]    Compiling heck v0.3.3
[INFO] [stderr]    Compiling futures-channel v0.3.21
[INFO] [stderr]    Compiling either v1.7.0
[INFO] [stderr]    Compiling cfg-expr v0.8.1
[INFO] [stderr]    Compiling strum v0.21.0
[INFO] [stderr]    Compiling serde_derive v1.0.141
[INFO] [stderr]    Compiling itertools v0.10.3
[INFO] [stderr]    Compiling proc-macro-error-attr v1.0.4
[INFO] [stderr]    Compiling cfg-expr v0.9.1
[INFO] [stderr]    Compiling typenum v1.15.0
[INFO] [stderr]    Compiling generic-array v0.14.6
[INFO] [stderr]    Compiling memchr v2.5.0
[INFO] [stderr]    Compiling ucd-trie v0.1.4
[INFO] [stderr]    Compiling backtrace v0.3.66
[INFO] [stderr]     Checking gimli v0.26.2
[INFO] [stderr]     Checking hashbrown v0.12.3
[INFO] [stderr]     Checking miniz_oxide v0.5.3
[INFO] [stderr]     Checking object v0.29.0
[INFO] [stderr]    Compiling log v0.4.17
[INFO] [stderr]     Checking indexmap v1.9.1
[INFO] [stderr]     Checking itoa v1.0.2
[INFO] [stderr]     Checking matches v0.1.9
[INFO] [stderr]     Checking ryu v1.0.10
[INFO] [stderr]     Checking futures-io v0.3.21
[INFO] [stderr]     Checking tinyvec_macros v0.1.0
[INFO] [stderr]     Checking form_urlencoded v1.0.1
[INFO] [stderr]     Checking tinyvec v1.6.0
[INFO] [stderr]    Compiling x11 v2.19.1
[INFO] [stderr]    Compiling gtk v0.15.5
[INFO] [stderr]    Compiling serde_json v1.0.82
[INFO] [stderr]    Compiling crossbeam-utils v0.8.11
[INFO] [stderr]     Checking unicode-bidi v0.3.8
[INFO] [stderr]    Compiling x11-dl v2.19.1
[INFO] [stderr]     Checking longest-increasing-subsequence v0.1.0
[INFO] [stderr]     Checking subtle v2.4.1
[INFO] [stderr]     Checking bumpalo v3.10.0
[INFO] [stderr]     Checking unicode-normalization v0.1.21
[INFO] [stderr]     Checking getrandom v0.2.7
[INFO] [stderr]    Compiling toml v0.5.9
[INFO] [stderr]    Compiling arrayvec v0.4.12
[INFO] [stderr]     Checking addr2line v0.17.0
[INFO] [stderr]    Compiling tao v0.6.4
[INFO] [stderr]     Checking opaque-debug v0.3.0
[INFO] [stderr]     Checking crossbeam-channel v0.5.6
[INFO] [stderr]     Checking idna v0.2.3
[INFO] [stderr]     Checking crypto-mac v0.11.1
[INFO] [stderr]     Checking digest v0.9.0
[INFO] [stderr]    Compiling tokio v1.20.1
[INFO] [stderr]    Compiling proc-macro-error v1.0.4
[INFO] [stderr]     Checking bytes v1.2.1
[INFO] [stderr]     Checking url v2.2.2
[INFO] [stderr]    Compiling wry v0.13.3
[INFO] [stderr]    Compiling system-deps v6.0.2
[INFO] [stderr]    Compiling system-deps v5.0.0
[INFO] [stderr]     Checking nodrop v0.1.14
[INFO] [stderr]     Checking http v0.2.8
[INFO] [stderr]     Checking rand_core v0.6.4
[INFO] [stderr]     Checking cipher v0.2.5
[INFO] [stderr]     Checking cipher v0.3.0
[INFO] [stderr]     Checking block-buffer v0.9.0
[INFO] [stderr]    Compiling ring v0.16.20
[INFO] [stderr]     Checking num_cpus v1.13.1
[INFO] [stderr]    Compiling num-traits v0.2.15
[INFO] [stderr]    Compiling error-chain v0.12.4
[INFO] [stderr]     Checking linked-hash-map v0.5.6
[INFO] [stderr]     Checking constant_time_eq v0.1.5
[INFO] [stderr]    Compiling soup2-sys v0.1.0
[INFO] [stderr]    Compiling javascriptcore-rs-sys v0.4.0
[INFO] [stderr]    Compiling glib-sys v0.15.10
[INFO] [stderr]    Compiling gobject-sys v0.15.10
[INFO] [stderr]    Compiling gdk-sys v0.15.1
[INFO] [stderr]    Compiling gio-sys v0.15.10
[INFO] [stderr]    Compiling atk-sys v0.15.1
[INFO] [stderr]    Compiling cairo-sys-rs v0.15.1
[INFO] [stderr]    Compiling pango-sys v0.15.10
[INFO] [stderr]    Compiling gdk-pixbuf-sys v0.15.10
[INFO] [stderr]    Compiling gtk-sys v0.15.3
[INFO] [stderr]    Compiling webkit2gtk-sys v0.17.0
[INFO] [stderr]    Compiling gdkx11-sys v0.15.1
[INFO] [stderr]     Checking cpufeatures v0.2.5
[INFO] [stderr]     Checking base64ct v1.5.2
[INFO] [stderr]     Checking sha2 v0.9.9
[INFO] [stderr]     Checking yaml-rust v0.4.5
[INFO] [stderr]     Checking password-hash v0.2.3
[INFO] [stderr]     Checking blake2-rfc v0.2.18
[INFO] [stderr]     Checking salsa20 v0.8.1
[INFO] [stderr]     Checking blowfish v0.7.0
[INFO] [stderr]     Checking error-chain v0.11.0
[INFO] [stderr]     Checking webbrowser v0.6.0
[INFO] [stderr]     Checking hmac v0.11.0
[INFO] [stderr]     Checking pbkdf2 v0.8.0
[INFO] [stderr]     Checking dunce v1.0.2
[INFO] [stderr]     Checking dioxus-interpreter-js v0.2.1
[INFO] [stderr]     Checking data-encoding v2.3.2
[INFO] [stderr]     Checking base64 v0.13.0
[INFO] [stderr]     Checking scrypt v0.7.0
[INFO] [stderr]     Checking argon2rs v0.2.5
[INFO] [stderr]     Checking bcrypt v0.9.0
[INFO] [stderr]     Checking rpassword v5.0.1
[INFO] [stderr]     Checking dirs-sys v0.3.7
[INFO] [stderr]     Checking dirs v4.0.0
[INFO] [stderr]    Compiling thiserror-impl v1.0.31
[INFO] [stderr]    Compiling futures-macro v0.3.21
[INFO] [stderr]    Compiling strum_macros v0.21.1
[INFO] [stderr]    Compiling serde_repr v0.1.8
[INFO] [stderr]    Compiling dioxus-core-macro v0.2.1
[INFO] [stderr]    Compiling thiserror v1.0.31
[INFO] [stderr]    Compiling system-deps v3.2.0
[INFO] [stderr]    Compiling proc-macro-crate v1.2.0
[INFO] [stderr]    Compiling pest v2.2.1
[INFO] [stderr]    Compiling glib-macros v0.15.11
[INFO] [stderr]    Compiling gtk3-macros v0.15.4
[INFO] [stderr]    Compiling glib-sys v0.14.0
[INFO] [stderr]    Compiling gobject-sys v0.14.0
[INFO] [stderr]    Compiling semver-parser v0.10.2
[INFO] [stderr]    Compiling gio-sys v0.14.0
[INFO] [stderr]     Checking futures-executor v0.3.21
[INFO] [stderr]    Compiling semver v0.11.0
[INFO] [stderr]    Compiling rustc_version v0.3.3
[INFO] [stderr]    Compiling field-offset v0.3.4
[INFO] [stderr]     Checking glib v0.15.12
[INFO] [stderr]     Checking dioxus-core v0.2.1
[INFO] [stderr]     Checking serde_urlencoded v0.7.1
[INFO] [stderr]     Checking serde_bytes v0.10.5
[INFO] [stderr]     Checking toml v0.4.10
[INFO] [stderr]     Checking serde_yaml v0.8.26
[INFO] [stderr]     Checking dioxus-html v0.2.1
[INFO] [stderr]     Checking dioxus-hooks v0.2.1
[INFO] [stderr]     Checking serde_mcf v0.1.3
[INFO] [stderr]     Checking libpasta v0.1.2
[INFO] [stderr]     Checking dioxus-router v0.2.3
[INFO] [stderr]     Checking gio v0.15.12
[INFO] [stderr]     Checking cairo-rs v0.15.12
[INFO] [stderr]     Checking pango v0.15.10
[INFO] [stderr]     Checking atk v0.15.1
[INFO] [stderr]     Checking javascriptcore-rs v0.16.0
[INFO] [stderr]     Checking gdk-pixbuf v0.15.11
[INFO] [stderr]     Checking gdk v0.15.4
[INFO] [stderr]     Checking webkit2gtk v0.17.1
[INFO] [stderr]     Checking dioxus-desktop v0.2.3
[INFO] [stderr]     Checking dioxus v0.2.4
[INFO] [stderr]     Checking stratus v0.1.0 (/opt/rustwide/workdir)
[INFO] [stdout] error[E0658]: use of unstable library feature 'lazy_cell'
[INFO] [stdout]  --> src/functions/login.rs:3:17
[INFO] [stdout]   |
[INFO] [stdout] 3 | use std::sync::{LazyLock, RwLock};
[INFO] [stdout]   |                 ^^^^^^^^
[INFO] [stdout]   |
[INFO] [stdout]   = note: see issue #109736 <https://github.com/rust-lang/rust/issues/109736> for more information
[INFO] [stdout]   = help: add `#![feature(lazy_cell)]` to the crate attributes to enable
[INFO] [stdout] 
[INFO] [stdout] 
[INFO] [stdout] error[E0658]: use of unstable library feature 'lazy_cell'
[INFO] [stdout]  --> src/functions/login.rs:5:18
[INFO] [stdout]   |
[INFO] [stdout] 5 | pub static NAME: LazyLock<RwLock<String>> = LazyLock::new(|| RwLock::new(String::new()));
[INFO] [stdout]   |                  ^^^^^^^^^^^^^^^^^^^^^^^^
[INFO] [stdout]   |
[INFO] [stdout]   = note: see issue #109736 <https://github.com/rust-lang/rust/issues/109736> for more information
[INFO] [stdout]   = help: add `#![feature(lazy_cell)]` to the crate attributes to enable
[INFO] [stdout] 
[INFO] [stdout] 
[INFO] [stdout] error[E0658]: use of unstable library feature 'lazy_cell'
[INFO] [stdout]  --> src/functions/login.rs:5:45
[INFO] [stdout]   |
[INFO] [stdout] 5 | pub static NAME: LazyLock<RwLock<String>> = LazyLock::new(|| RwLock::new(String::new()));
[INFO] [stdout]   |                                             ^^^^^^^^
[INFO] [stdout]   |
[INFO] [stdout]   = note: see issue #109736 <https://github.com/rust-lang/rust/issues/109736> for more information
[INFO] [stdout]   = help: add `#![feature(lazy_cell)]` to the crate attributes to enable
[INFO] [stdout] 
[INFO] [stdout] 
[INFO] [stdout] warning: the feature `once_cell` has been stable since 1.70.0 and no longer requires an attribute to enable
[INFO] [stdout]  --> src/main.rs:1:12
[INFO] [stdout]   |
[INFO] [stdout] 1 | #![feature(once_cell)]
[INFO] [stdout]   |            ^^^^^^^^^
[INFO] [stdout]   |
[INFO] [stdout]   = note: `#[warn(stable_features)]` on by default
[INFO] [stdout] 
[INFO] [stdout] 
[INFO] [stdout] error[E0658]: use of unstable library feature 'lazy_cell'
[INFO] [stdout]  --> src/functions/login.rs:3:17
[INFO] [stdout]   |
[INFO] [stdout] 3 | use std::sync::{LazyLock, RwLock};
[INFO] [stdout]   |                 ^^^^^^^^
[INFO] [stdout]   |
[INFO] [stdout]   = note: see issue #109736 <https://github.com/rust-lang/rust/issues/109736> for more information
[INFO] [stdout]   = help: add `#![feature(lazy_cell)]` to the crate attributes to enable
[INFO] [stdout] 
[INFO] [stdout] 
[INFO] [stdout] error[E0658]: use of unstable library feature 'lazy_cell'
[INFO] [stdout]  --> src/functions/login.rs:5:18
[INFO] [stdout]   |
[INFO] [stdout] 5 | pub static NAME: LazyLock<RwLock<String>> = LazyLock::new(|| RwLock::new(String::new()));
[INFO] [stdout]   |                  ^^^^^^^^^^^^^^^^^^^^^^^^
[INFO] [stdout]   |
[INFO] [stdout]   = note: see issue #109736 <https://github.com/rust-lang/rust/issues/109736> for more information
[INFO] [stdout]   = help: add `#![feature(lazy_cell)]` to the crate attributes to enable
[INFO] [stdout] 
[INFO] [stdout] 
[INFO] [stdout] error[E0658]: use of unstable library feature 'lazy_cell'
[INFO] [stdout]  --> src/functions/login.rs:5:45
[INFO] [stdout]   |
[INFO] [stdout] 5 | pub static NAME: LazyLock<RwLock<String>> = LazyLock::new(|| RwLock::new(String::new()));
[INFO] [stdout]   |                                             ^^^^^^^^
[INFO] [stdout]   |
[INFO] [stdout]   = note: see issue #109736 <https://github.com/rust-lang/rust/issues/109736> for more information
[INFO] [stdout]   = help: add `#![feature(lazy_cell)]` to the crate attributes to enable
[INFO] [stdout] 
[INFO] [stdout] 
[INFO] [stdout] warning: the feature `once_cell` has been stable since 1.70.0 and no longer requires an attribute to enable
[INFO] [stdout]  --> src/main.rs:1:12
[INFO] [stdout]   |
[INFO] [stdout] 1 | #![feature(once_cell)]
[INFO] [stdout]   |            ^^^^^^^^^
[INFO] [stdout]   |
[INFO] [stdout]   = note: `#[warn(stable_features)]` on by default
[INFO] [stdout] 
[INFO] [stdout] 
[INFO] [stdout] error[E0658]: use of unstable library feature 'lazy_cell'
[INFO] [stdout]  --> src/functions/login.rs:5:45
[INFO] [stdout]   |
[INFO] [stdout] 5 | pub static NAME: LazyLock<RwLock<String>> = LazyLock::new(|| RwLock::new(String::new()));
[INFO] [stdout]   |                                             ^^^^^^^^^^^^^
[INFO] [stdout]   |
[INFO] [stdout]   = note: see issue #109736 <https://github.com/rust-lang/rust/issues/109736> for more information
[INFO] [stdout]   = help: add `#![feature(lazy_cell)]` to the crate attributes to enable
[INFO] [stdout] 
[INFO] [stdout] 
[INFO] [stdout] error[E0658]: use of unstable library feature 'lazy_cell'
[INFO] [stdout]  --> src/functions/login.rs:5:45
[INFO] [stdout]   |
[INFO] [stdout] 5 | pub static NAME: LazyLock<RwLock<String>> = LazyLock::new(|| RwLock::new(String::new()));
[INFO] [stdout]   |                                             ^^^^^^^^^^^^^
[INFO] [stdout]   |
[INFO] [stdout]   = note: see issue #109736 <https://github.com/rust-lang/rust/issues/109736> for more information
[INFO] [stdout]   = help: add `#![feature(lazy_cell)]` to the crate attributes to enable
[INFO] [stdout] 
[INFO] [stdout] 
[INFO] [stdout] error: aborting due to 4 previous errors; 1 warning emitted
[INFO] [stdout] 
[INFO] [stdout] 
[INFO] [stdout] For more information about this error, try `rustc --explain E0658`.
[INFO] [stdout] 
[INFO] [stdout] error: aborting due to 4 previous errors; 1 warning emitted
[INFO] [stdout] 
[INFO] [stdout] 
[INFO] [stdout] For more information about this error, try `rustc --explain E0658`.
[INFO] [stdout] 
[INFO] [stderr] error: could not compile `stratus` (bin "stratus" test) due to 5 previous errors; 1 warning emitted
[INFO] [stderr] warning: build failed, waiting for other jobs to finish...
[INFO] [stderr] error: could not compile `stratus` (bin "stratus") due to 5 previous errors; 1 warning emitted
[INFO] running `Command { std: "docker" "inspect" "95e72f2ee96c8eeb88f0318cdc06005a351ee881f3465f9a3a09258c72ac1bd2", kill_on_drop: false }`
[INFO] running `Command { std: "docker" "rm" "-f" "95e72f2ee96c8eeb88f0318cdc06005a351ee881f3465f9a3a09258c72ac1bd2", kill_on_drop: false }`
[INFO] [stdout] 95e72f2ee96c8eeb88f0318cdc06005a351ee881f3465f9a3a09258c72ac1bd2
